ommon factor of 178 and 63.
1
Calculate the highest common divisor of 120 and 238785.
15
What is the highest common factor of 71850 and 7680?
30
What is the greatest common divisor of 322 and 2485?
7
Calculate the highest common divisor of 135184 and 119.
119
What is the highest common divisor of 621 and 4393?
23
Calculate the greatest common factor of 7470 and 28137.
249
Calculate the highest common divisor of 4765406 and 34.
34
Calculate the greatest common divisor of 323472 and 27600.
1104
Calculate the highest common factor of 67458 and 18.
6
Calculate the highest common factor of 12814 and 2064.
86
Calculate the highest common factor of 53 and 1299719.
53
What is the highest common divisor of 1452 and 6456318?
726
Calculate the highest common factor of 342 and 8271.
9
What is the highest common divisor of 909 and 5766090?
303
What is the highest common divisor of 263072 and 32?
32
What is the greatest common factor of 89324 and 1?
1
Calculate the highest common divisor of 1342899 and 81.
81
What is the highest common factor of 1358551 and 505?
101
What is the highest common divisor of 490 and 520?
10
What is the greatest common divisor of 4669 and 348?
29
Calculate the highest common factor of 7152 and 4728.
24
What is the highest common factor of 1230340 and 15?
5
What is the highest common divisor of 48971 and 13?
13
Calculate the highest common factor of 224 and 18928.
112
Calculate the greatest common divisor of 1675 and 220765.
335
Calculate the greatest common divisor of 529 and 47863.
23
What is the highest common divisor of 4970 and 10?
10
Calculate the greatest common divisor of 4482 and 16578.
54
Calculate the highest common factor of 34200 and 80550.
450
Calculate the greatest common factor of 53019 and 51375.
411
Calculate the highest common factor of 20 and 1825.
5
Calculate the greatest common factor of 2001 and 70587.
69
What is the highest common divisor of 1220932 and 41544?
2308
Calculate the greatest common factor of 27454 and 15794.
106
Calculate the highest common factor of 629 and 527.
17
Calculate the greatest common factor of 1045 and 89683.
11
Calculate the greatest common factor of 92933 and 597.
199
What is the greatest common divisor of 352 and 219164?
44
Calculate the greatest common divisor of 648 and 213264.
72
Calculate the highest common divisor of 87788 and 119.
17
Calculate the greatest common factor of 1900 and 3572.
76
Calculate the greatest common divisor of 1580 and 9940.
20
What is the greatest common divisor of 8 and 10876?
4
Calculate the highest common factor of 8 and 105024.
8
What is the greatest common divisor of 105 and 103460?
35
Calculate the highest common divisor of 1812 and 12.
12
Calculate the highest common divisor of 30539 and 9.
1
Calculate the highest common factor of 154 and 42378.
14
What is the greatest common factor of 3976 and 325464?
568
What is the greatest common factor of 484 and 609356?
484
Calculate the greatest common factor of 940 and 229595.
235
What is the greatest common divisor of 77190 and 51150?
930
Calculate the greatest common divisor of 1980 and 3520.
220
What is the greatest common divisor of 29100 and 20?
20
What is the greatest common divisor of 14728 and 1857569?
1841
What is the greatest common divisor of 114 and 2589?
3
Calculate the greatest common divisor of 2236245 and 165.
165
What is the highest common factor of 129747 and 366?
183
Calculate the greatest common factor of 2303 and 282611.
329
Calculate the greatest common factor of 180 and 3221730.
90
Calculate the highest common divisor of 12559 and 20311.
19
What is the highest common factor of 176 and 19778?
22
What is the highest common factor of 534 and 2940?
6
What is the greatest common factor of 1012 and 1932?
92
Calculate the greatest common factor of 682 and 302188.
62
What is the greatest common divisor of 244 and 38979?
61
Calculate the highest common divisor of 44 and 1812052.
44
What is the highest common factor of 81832 and 37736?
424
What is the highest common divisor of 35652 and 534?
6
What is the highest common factor of 1585530 and 2676?
1338
Calculate the highest common divisor of 2194795 and 815.
815
Calculate the greatest common factor of 31126 and 1659.
79
Calculate the greatest common factor of 1185 and 2475.
15
Calculate the highest common factor of 310362 and 1196.
598
What is the greatest common factor of 1453087 and 303?
101
Calculate the greatest common factor of 1839572 and 28.
28
What is the highest common divisor of 13288 and 6952?
88
What is the highest common divisor of 13916 and 283808?
196
Calculate the greatest common divisor of 11281 and 778.
389
Calculate the greatest common divisor of 100 and 1298350.
50
What is the greatest common divisor of 520 and 28145?
65
Calculate the highest common factor of 71 and 142.
71
What is the greatest common divisor of 3902094 and 868?
434
What is the greatest common divisor of 42094 and 338?
26
Calculate the highest common factor of 1448581 and 326.
163
Calculate the highest common divisor of 203064 and 24.
24
Calculate the greatest common divisor of 10506 and 535188.
618
What is the highest common factor of 7 and 98077?
7
What is the highest common factor of 499 and 742013?
499
Calculate the greatest common divisor of 1702 and 9.
1
Calculate the greatest common factor of 4611 and 795.
159
Calculate the greatest common factor of 104319 and 5427.
603
Calculate the greatest common factor of 8975 and 4667.
359
Calculate the greatest common divisor of 157900 and 350.
50
Calculate the greatest common divisor of 2166 and 369664.
722
What is the greatest common divisor of 3762 and 5130?
342
What is the greatest common divisor of 79185 and 75?
15
What is the highest common factor of 533774 and 58?
58
Calculate the greatest common divisor of 471 and 3706613.
157
Calculate the highest common factor of 10980 and 3645.
45
Calculate the highest common factor of 798 and 23982294.
798
What is the highest common factor of 1568 and 9120?
32
Calculate the greatest common divisor of 1084 and 575062.
542
Calculate the greatest common divisor of 14136 and 204288.
456
Calculate the greatest common divisor of 723476 and 104.
52
Calculate the greatest common divisor of 27649 and 43.
43
What is the greatest common factor of 84 and 21028?
28
Calculate the highest common factor of 285 and 24510.
285
Calculate the highest common divisor of 29145 and 4020.
1005
Calculate the highest common divisor of 174 and 6456.
6
What is the highest common factor of 197727 and 289?
17
What is the greatest common divisor of 133 and 100324?
7
What is the highest common factor of 465 and 1200?
15
What is the highest common divisor of 7 and 66367?
7
Calculate the greatest common divisor of 2597 and 8639.
53
What is the highest common factor of 230 and 1733165?
115
Calculate the greatest common factor of 3856504 and 7648.
1912
Calculate the highest common factor of 21 and 331527.
21
What is the highest common factor of 25198 and 172?
86
What is the highest common factor of 36 and 14337?
9
What is the greatest common factor of 72443 and 7?
7
What is the highest common factor of 385 and 256410?
385
What is the highest common factor of 334288 and 544?
272
What is the greatest common factor of 22 and 117975?
11
What is the highest common factor of 4335 and 129795?
255
What is the highest common factor of 114950 and 726?
242
Calculate the highest common divisor of 92192 and 86.
86
What is the highest common factor of 1053 and 186624?
81
Calculate the greatest common divisor of 2004992 and 2136.
712
What is the greatest common factor of 91 and 154297?
13
What is the greatest common divisor of 330464 and 230?
46
Calculate the greatest common divisor of 186 and 92566.
62
What is the highest common factor of 559 and 1547?
13
Calculate the greatest common divisor of 293806 and 2.
2
What is the greatest common divisor of 136022 and 230?
46
What is the highest common divisor of 1595 and 20977?
11
What is the highest common divisor of 278528 and 136?
136
Calculate the greatest common divisor of 2951 and 182.
13
Calculate the highest common divisor of 174 and 532614.
174
What is the highest common factor of 13244 and 231?
77
Calculate the highest common factor of 2896 and 124.
4
Calc